- -1) + -208 + 210 - 1
-19
What is 3 + -7 + (-13 - -3 - -30) - 4?
12
What is the value of -11 - ((8 + -3 - 0) + (-20 - -7))?
-3
Calculate -3 - (6 + -4 + -4 + 14).
-15
What is the value of 0 + (1 + -6 - 1) - (-18 + -8)?
20
Calculate (-1 - -7) + -3 + 3 + (-20 - -6).
-8
What is (16 - -4) + (1 - 5) + 9 + 0?
25
What is -5 + (2 + -3 - 0)?
-6
Evaluate 17 + -36 + 49 + -10.
20
Evaluate (-5 - (0 + -1)) + -9 - -5.
-8
2 + 18 + -20 + 5
5
Evaluate -327 - -338 - (-7 - 0).
18
(-2 - 9) + 2 - (23 + -30)
-2
8 - ((42 - 28) + 4 + 16)
-26
What is the value of 12 + 3 + -6 + 17 + -12 + 3?
17
What is (0 - -1) + (1 - -3) + (1700 - 1702)?
3
Calculate 0 + (-7 - (15 + -5 + (2 - 7))).
-12
Calculate 12 - (-7 - ((9 - 34) + 12)).
6
What is (-1 - -20) + -23 + (-18 - -34)?
12
Evaluate 36 + 0 + (-29 - -15).
22
Evaluate (2 - 16) + (84 - 75) + 2.
-3
6 - (6 - (5 - 0 - -2))
7
Evaluate (15 - ((1 - -3) + 13)) + 31.
29
What is -8 + -16 - -12 - 8?
-20
What is the value of (14 - (-40 + 39)) + 14?
29
What is (12 - (-11 + 13)) + -3?
7
What is (-6 - -9 - 15) + 10 + 22?
20
Evaluate (7 - -5) + -4 + 0 - 0.
8
What is the value of -9 + 13 + (0 - 5)?
-1
What is the value of 8 + (18 + 0 - 14)?
12
-4 - (-1 + (-2 - -10 - 4))
-7
What is the value of -7 - ((5 - 11) + 0 + 13)?
-14
Calculate 17 + (6 + 1 - (6 - 2)) - 4.
16
What is the value of -42 + (11 - -44) + -1 + -26?
-14
1 - ((1 - 4) + 10) - 13
-19
What is the value of -12 - (0 - (11 + 0) - (1556 - 1563))?
-8
-8 - (-10 + (-22 - -35))
-11
-38 + 24 + (9 - -31)
26
Evaluate 0 - 9 - (-102 + 79).
14
Calculate (-9 + 17 - (12 + -1)) + (1 - -1).
-1
What is the value of (-9 - 5) + (20 - (18 - 19))?
7
Calculate 49 + -48 + 1 + 1 + 0 + -3.
0
(126 + -144 - (-8 - -1)) + -3
-14
What is the value of (-4 + 23 - 2 - -5) + -26 + 17?
13
What is the value of (-31 - -1) + 8 + 15?
-7
(0 - 0) + 3 - (2 - (0 - 0))
1
Calculate (-33 - (-8 - 2)) + 10.
-13
15 + (-34 - (-22 - 4))
7
What is (0 - (10 - (13 + -3))) + -2 + 21?
19
(-29 - -8 - -6) + (-4 - -14 - 4)
-9
What is -19 + (17 + -3 - (3 + 7))?
-15
What is the value of 4 - (9 - 4) - (5 + -6)?
0
What is (8 - 21) + 9 + 1 + -2 - -12?
7
What is -19 - (23 - 11 - 22)?
-9
Calculate (15 - (12 + 1)) + -7 + 7.
2
-13 + 0 + 0 + 15 + -19
-17
What is 5 + -14 + 4 - 1?
-6
-13 - (-5 + 0 + (-12 + 6 - -13))
-15
Evaluate -18 - (1 - -1 - 1 - (68 + -63)).
-14
What is -6 + -1 + -4 - (-32 - -19)?
2
Evaluate 187 + -189 - (-5 + -1 + -1).
5
What is (10 - 5 - (8 + (2 - 10))) + -1?
4
Calculate -12 + 26 - (-12 + 18).
8
What is the value of 393 + -367 - (12 + 3)?
11
Calculate 13 - (4 + 6 + 17).
-14
Calculate (18 - 23) + 15 - 6.
4
What is -10 + 19 + -14 + 0 + 8?
3
What is 4 + (-18 - -2 - (-93 + 102))?
-21
Evaluate 31 + 4 + -23 - (-1 + 18).
-5
Evaluate (1 - -13) + -11 + -10.
-7
Evaluate -16 + 2 + 26 + 19 + -12.
19
Calculate (32 - 50 - -4) + 43.
29
What is (6 - 21) + 10 - -13?
8
Calculate 4 - ((0 - -3) + (-9 + 5 - 3)).
8
-15 + (-14 - (7 - 15) - 10)
-31
What is the value of -5 - -1 - (17 - (0 - (-2 + -7)))?
-12
What is -2 + 6 - 1 - (-8 - (-7 - 2))?
2
Evaluate -4 + 10 - (-15 + 29).
-8
What is 12 - (-15 - -26) - ((0 - 5) + -2)?
8
What is the value of -199 + 184 - (-1 + 12)?
-26
What is the value of -10 + -1 + (7 - 1 - 14)?
-19
Calculate 1188 + -1209 + (0 - -25).
4
-3 + (-49 - -30 - -26)
4
What is the value of 4 - (6 + -12 + 11) - -13?
12
What is the value of (15 - 78) + 49 - ((3 - 2) + 4)?
-19
Calculate -40 - (43 - (46 + 19)).
-18
Evaluate (-5 - -6) + -8 + (7 - 5).
-5
What is -3 - 8 - -7 - (-2 + 2)?
-4
Calculate 1 + 7 - (-8 + 13 + -1) - -4.
8
What is the value of -8 + (-2 - -8) + -1 + 2?
-1
Evaluate 1 + 9 + -25 + 13 + 13.
11
What is the value of (-25 + 25 - -4) + (0 - (-3 + 28))?
-21
Calculate -228 + 227 + 0 + (-1 - -11).
9
(-27 - -22) + (-2 + 15 - -3)
11
-926 + 946 - (0 - (1 - -1))
22
Calculate 17 + (-24 - (10 + -23)).
6
Calculate 0 - -2 - ((-6 - -6 - -1) + -8).
9
Evaluate -14 + 23 + 20 + -11.
18
What is 31 + -22 - (6 + 13)?
-10
What is -2 + (42 - 30) + -16 + (-9 - 1)?
-16
Calculate (0 - -2) + -2 - (0 + -20 + 14).
6
What is -12 + (14 - (21 - 10)) - -8?
-1
What is the value of -2 - (-2 + 1) - (6 - (5 + -5))?
-7
What is the value of -28 + (-16 - -19) + -5?
-30
-13 - -17 - (-5 + -4)
13
What is 1 + 0 + (-13 + -2 - 0 - -11)?
-3
Calculate 13 - 0 - -2 - (-594 - -606).
3
Calculate -32 + 1 + 0 + (73 + -100 - -27).
-31
What is the value of (14 - (1 - 0)) + (-34 - -13)?
-8
What is the value of (5 - ((-1 - 5) + 22 + -24)) + 3?
16
9 + (-1 - 11) + 21 + -16 - -11
13
Evaluate -5 + 5 + (6 - 6) + 0 + -7.
-7
What is 13 + -16 - 38 - -23?
-18
What is -14 + 8 - -12 - ((-1 - -1) + -6)?
12
Calculate -2 + (-34 - -33 - (0 + (-1 - -3))).
-5
Evaluate 10 - (-10 + 10 + 6 + -11).
15
Evaluate 17 + -5 + 5 + 2 + 5 + -13.
11
7 + -13 + (1 - 2) - (-1 - -3)
-9
Calculate -14 + (17 - 11 - (-4 - -2 - 0)).
-6
What is the value of (-5 - -3 - 5) + (0 - -2 - 6)?
-11
Evaluate 7 - 2 - (-41 + 1 - -26).
19
What is the value of 49 + -40 - (28 + -5 + -2)?
-12
Evaluate -3 + -10 + 5 + (49 - 38).
3
1 + 2 - 9 - (12 - (24 - -9))
15
What is the value of 16 - (-10 + 12 + (9 - 6))?
11
Calculate (11 - -2) + -1 + 7.
19
What is the value of (15 + 1 - 16) + -8?
-8
What is the value of (7 - 3) + -10 + (129 - 106)?
17
What is the value of -10 + 0 + (-8 - (2 - 4) - -7)?
-9
Evaluate -18 + (33 - ((15 - 6) + -14)).
20
Calculate (0 + -1 + -2 - (23 + -23)) + 22.
19
(-2 + 10 - (-11 - 1)) + -5
15
2 + (15 - 12) + -8
-3
Calculate -51 + 40 - (4 + -29).
14
What is (-16 - -34) + -51 + 23?
-10
What is the value of 32 - (1 - 0 - (49 + -7 + -49))?
24
Calculate 44 - 23 - (5 + 1).
15
What is the value of -8 + (14 - (-2 - -6)) + -6?
-4
Evaluate -69 + 64 + (-1 - -10) + 1 + 25.
30
What is the value of -9 + (18 - 6) - 16?
-13
(58 - 61 - (3 - 5)) + (1 - 0)
0
Evaluate 24 - (16 + -3 - -10).
1
What is 166 + -152 + (2 - 17)?
-1
What is -7 + -1 + -3 + -6 + 6?
-11
Evaluate -21 + 1 + 5 + 3.
-12
What is -1 - (((-4 - 5) + 5 - 6) + 3)?
6
(1 - (4 - (8 - 7))) + -19
-21
Calculate 6 - (33 + -7) - (-2 - 5).
-13
What is -13 - -8 - -1 - -13?
9
Calculate 2 + 11 + -2 + -32 + (11 - -36).
26
Evaluate 6 + (25 - -34) + -31.
34
What is -6 + (0 - 7) - (26 - 58)?
19
Evaluate 10 + -42 + 34 + -1 + (-3 - -6).
4
Calculate (-2 - 5) + 5 + 5 - (3 + -2).
2
(350 - 363) + 13 + -1
-1
What is the value of -28 + (24 - 43) + 40?
-7
What is the value of (-2 - 6) + 35 + 15 + (-11 - 10)?
21
Calculate 1 + 4 + ((5 - 7) + -3 - -11).
11
What is the value of (-7 + 0 - -17) + -3?
7
4 + (-2 - -6) - (-55 + 88)
-25
(-30 - -26 - (-1 - 6)) + -3 + 6
6
3 - (-6 - (-9 + 5) - 3 - -9)
-1
Evaluate (3 + -6 - 9) + 21 + -22.
-13
What is the value of 1 - (5 + 18) - (-7 - -2)?
-17
Calculate -1 - 5 - -1 - (-7 + -2).
4
What is (2 - -23) + -103 + 99?
21
What is the value of 11 + -34 - -18 - (1 - (0 + 0))?
-6
Evaluate -36 - (-32 - -3 - 5).
-2
Evaluate 22 + -21 + (-9 - -2) + -4.
-10
-4 - -1 - (-10 - -3 - 4)
8
-2 + -2 + 0 + (1009 - 1005)
0
1 + -14 - (48 + -50)
-11
Calculate -1 + -2 + 1 + 1 + -742 + 728.
-15
Evaluate 4 - (-20 + 29 + 1 + (-1 - -2)).
-7
0 + 16 - ((23 - 36) + 43)
-14
-4 - (2 - (6 - 4)) - (-10 + -6)
12
Calculate 3 + -7 - (46 + -53).
3
Evaluate (-5 - 0) + 1 + -515 + 534.
15
-17 + 28 + 4 + 10
25
What is -2 - (-1 - (-4 - -2 - -10))?
7
-36 - (32 + -72) - (-2 + 4 - -17)
-15
Evaluate (6 - 0) + -4 + -12 + -21 + 36.
5
Calculate -3 + (-1 - -3 - -11) + -4.
6
9 + 1 - (50 - 39 - 17)
16
Evaluate 7 - ((-13 - (-6 - 1)) + 5 + 9).
-1
Evaluate 19 + -7 + -2 - 14 - (-2 + -1).
-1
5 - (-2 - (-7 - -15)) - 5
10
(1 - (9 - 5)) + 0 + 1 - 5
-7
What is 17 + (10 - (10 + 14))?
3
4 + 3 - (62 - 66)
11
Calculate -12 + 10 - (-4 - (1 + 2)).
5
13 - 5 - ((-4 - 8) + 26)
-6
Calculate (3 - -8) + (-47 - -59).
23
What is the value of 39 + -44 + (-4 - 5)?
-14
3 + (-1 - 23) - (-39 - -24 - -9)
-15
Evaluate (41 - (-21 - -35)) + -15.
12
What is the value of 4 + -3 - (56 + -51)?
-4
What is the value of 28 + (-21 + 30 - 39)?
-2
What is -16 + (-12 - (-17 + 25 + -10))?
-26
-3 - (10 + -10) - 8 - -3
-8
What is the value of -7 + -4 - (-16 + (58 - 28))?
-25
49 - 74 - (-2 + -13)
-10
What is the value of -1 + -17 - (89 + -94) - -6?
-7
-18 - (-5 + 8 - 17)
-4
Calculate 172 - 169 - (-3 - 0) - 2.
4
-13 - (-13 + 11 - 1)
-10
What is 90 + -82 - (6 + -1 - 1)?
4
What is -4 + 1 - -1 - (1076 - 1110)?
32
What is -215 - -191 - (-4 - -7)?
-27
-3 - (-13 - (6 - 6)) - 17
-7
What